



{"id":97,"date":"2023-09-26T14:37:19","date_gmt":"2023-09-26T12:37:19","guid":{"rendered":"https:\/\/bryndum.gruppesite.dk\/?page_id=97"},"modified":"2025-08-14T12:33:48","modified_gmt":"2025-08-14T10:33:48","slug":"junior","status":"publish","type":"page","link":"https:\/\/bryndum-gruppe.dk\/?page_id=97","title":{"rendered":"Junior 4. &#8211; 5. klasse"},"content":{"rendered":"\n<p>Juniorspejder er for dem, der g\u00e5r i 4.-5. klasse.<\/p>\n\n\n\n<p><strong>Tidspunkt:<\/strong> mandag 18:30 til 20:00<\/p>\n\n\n\n<p><strong>Kontakperson:<\/strong> Anne +45 4224 0755<\/p>\n\n\n\n<p>N\u00e5r man bliver Junior, tager man for alvor hul p\u00e5 spejderlivet. Det er nu, at man bl.a. l\u00e6rer at h\u00e5ndtere en \u00f8kse og rejse et telt alene. Man begynder at l\u00e6re at klare sig selv.<\/p>\n\n\n\n<p>Som Junior f\u00e5r man mere ansvar end f\u00f8r. Man begynder at v\u00e6re opdelt i patruljer, hvor der findes en patruljeleder og assistent blandt spejderne. I patruljen l\u00f8ser de deres opgaver i f\u00e6llesskab, med hj\u00e6lp fra lederne.<\/p>\n","protected":false},"excerpt":{"rendered":"<p>Juniorspejder er for dem, der g\u00e5r i 4.-5. klasse. Tidspunkt: mandag 18:30 til 20:00 Kontakperson: Anne +45 4224 0755 N\u00e5r..<\/p>\n","protected":false},"author":675,"featured_media":0,"parent":38,"menu_order":4,"comment_status":"closed","ping_status":"closed","template":"template\/template_enhed.php","meta":{"ngg_post_thumbnail":0,"footnotes":""},"class_list":["post-97","page","type-page","status-publish","hentry"],"publishpress_future_action":{"enabled":false,"date":"2026-05-20 03:55:50","action":"change-status","newStatus":"draft","terms":[],"taxonomy":"","extraData":[]},"publishpress_future_workflow_manual_trigger":{"enabledWorkflows":[]},"_links":{"self":[{"href":"https:\/\/bryndum-gruppe.dk\/index.php?rest_route=\/wp\/v2\/pages\/97","targetHints":{"allow":["GET"]}}],"collection":[{"href":"https:\/\/bryndum-gruppe.dk\/index.php?rest_route=\/wp\/v2\/pages"}],"about":[{"href":"https:\/\/bryndum-gruppe.dk\/index.php?rest_route=\/wp\/v2\/types\/page"}],"author":[{"embeddable":true,"href":"https:\/\/bryndum-gruppe.dk\/index.php?rest_route=\/wp\/v2\/users\/675"}],"replies":[{"embeddable":true,"href":"https:\/\/bryndum-gruppe.dk\/index.php?rest_route=%2Fwp%2Fv2%2Fcomments&post=97"}],"version-history":[{"count":6,"href":"https:\/\/bryndum-gruppe.dk\/index.php?rest_route=\/wp\/v2\/pages\/97\/revisions"}],"predecessor-version":[{"id":348,"href":"https:\/\/bryndum-gruppe.dk\/index.php?rest_route=\/wp\/v2\/pages\/97\/revisions\/348"}],"up":[{"embeddable":true,"href":"https:\/\/bryndum-gruppe.dk\/index.php?rest_route=\/wp\/v2\/pages\/38"}],"wp:attachment":[{"href":"https:\/\/bryndum-gruppe.dk\/index.php?rest_route=%2Fwp%2Fv2%2Fmedia&parent=97"}],"curies":[{"name":"wp","href":"https:\/\/api.w.org\/{rel}","templated":true}]}}