



{"id":64,"date":"2015-01-03T22:20:22","date_gmt":"2015-01-03T21:20:22","guid":{"rendered":"http:\/\/xml.gruppesite.dk\/?page_id=64"},"modified":"2025-08-14T12:34:07","modified_gmt":"2025-08-14T10:34:07","slug":"spejdertrop","status":"publish","type":"page","link":"https:\/\/bryndum-gruppe.dk\/?page_id=64","title":{"rendered":"Storspejder 6. &#8211; 8. klasse"},"content":{"rendered":"\n<p>Storspejder er for dem, der g\u00e5r i 6.-8. klasse.<\/p>\n\n\n\n<p><strong>Tidspunkt:<\/strong> Onsdag 18:30 til 20:00<\/p>\n\n\n\n<p><strong>Kontakperson:<\/strong> Christian +45 2758 2466<\/p>\n\n\n\n<p>Aktiviteter kan best\u00e5 i at tage forskellige m\u00e6rker, forberede ture og lejre, eller hj\u00e6lpe gruppen med st\u00f8rre opgaver. Efterh\u00e5nden som spejderne bliver \u00e6ldre, stiger aktiviteterne i sv\u00e6rhedsgrad samtidig med at graden af \u201cvoksenstyring\u201d falder.<\/p>\n\n\n\n<p>Der bliver sat meget fokus p\u00e5 princippet \u201cLearning by doing\u201d. Man l\u00e6rer kun at bygge et raftet\u00e5rn eller lave mad over b\u00e5l ved at pr\u00f8ve.<\/p>\n\n\n\n<p><strong>Spejderl\u00f8ftet<\/strong><br>\u201dJeg lover at g\u00f8re mit bedste for at lytte til Guds ord, holde spejderloven og hver dag g\u00f8re noget for at gl\u00e6de andre.\u201d<\/p>\n\n\n\n<p><strong>Spejderloven<\/strong><br>En spejder<br>lytter til Guds ord<br>er hj\u00e6lpsom<br>respekterer andre<br>v\u00e6rner naturen<br>er til at stole p\u00e5<br>tager medansvar<br>finder sin egen mening<\/p>\n\n\n\n<p><span class=\"contentnormal\">Spejderliv kan <em>beskrives<\/em>&nbsp;med ord, men kan kun&nbsp;<em>opleves<\/em>&nbsp;i virkeligheden<\/span><\/p>\n\n\n\n<ul class=\"wp-block-list\">\n<li><span class=\"contentnormal\">Spejderliv foreg\u00e5r i t\u00e6t kontakt med naturen<\/span><\/li>\n\n\n\n<li><span class=\"contentnormal\">Spejderliv foreg\u00e5r i et n\u00e6rt f\u00e6llesskab med spejderkammeraterne&nbsp;<\/span><\/li>\n<\/ul>\n\n\n\n<p>Har du&nbsp;lyst til at v\u00e6re med, s\u00e5 kom forbi en onsdag aften p\u00e5 Tarp byvej 85 eller kontakt en leder for n\u00e6rmere information.<\/p>\n","protected":false},"excerpt":{"rendered":"<p>Storspejder er for dem, der g\u00e5r i 6.-8. klasse. Tidspunkt: Onsdag 18:30 til 20:00 Kontakperson: Christian +45 2758 2466 Aktiviteter..<\/p>\n","protected":false},"author":674,"featured_media":0,"parent":38,"menu_order":5,"comment_status":"closed","ping_status":"closed","template":"template\/template_enhed.php","meta":{"ngg_post_thumbnail":0,"footnotes":""},"class_list":["post-64","page","type-page","status-publish","hentry"],"publishpress_future_action":{"enabled":false,"date":"2026-05-20 10:06:29","action":"change-status","newStatus":"draft","terms":[],"taxonomy":"","extraData":[]},"publishpress_future_workflow_manual_trigger":{"enabledWorkflows":[]},"_links":{"self":[{"href":"https:\/\/bryndum-gruppe.dk\/index.php?rest_route=\/wp\/v2\/pages\/64","targetHints":{"allow":["GET"]}}],"collection":[{"href":"https:\/\/bryndum-gruppe.dk\/index.php?rest_route=\/wp\/v2\/pages"}],"about":[{"href":"https:\/\/bryndum-gruppe.dk\/index.php?rest_route=\/wp\/v2\/types\/page"}],"author":[{"embeddable":true,"href":"https:\/\/bryndum-gruppe.dk\/index.php?rest_route=\/wp\/v2\/users\/674"}],"replies":[{"embeddable":true,"href":"https:\/\/bryndum-gruppe.dk\/index.php?rest_route=%2Fwp%2Fv2%2Fcomments&post=64"}],"version-history":[{"count":6,"href":"https:\/\/bryndum-gruppe.dk\/index.php?rest_route=\/wp\/v2\/pages\/64\/revisions"}],"predecessor-version":[{"id":349,"href":"https:\/\/bryndum-gruppe.dk\/index.php?rest_route=\/wp\/v2\/pages\/64\/revisions\/349"}],"up":[{"embeddable":true,"href":"https:\/\/bryndum-gruppe.dk\/index.php?rest_route=\/wp\/v2\/pages\/38"}],"wp:attachment":[{"href":"https:\/\/bryndum-gruppe.dk\/index.php?rest_route=%2Fwp%2Fv2%2Fmedia&parent=64"}],"curies":[{"name":"wp","href":"https:\/\/api.w.org\/{rel}","templated":true}]}}