



{"id":49,"date":"2015-01-03T22:07:27","date_gmt":"2015-01-03T21:07:27","guid":{"rendered":"http:\/\/xml.gruppesite.dk\/?page_id=49"},"modified":"2023-09-28T16:45:08","modified_gmt":"2023-09-28T14:45:08","slug":"om-os","status":"publish","type":"page","link":"https:\/\/bryndum-gruppe.dk\/?page_id=49","title":{"rendered":"Om Os"},"content":{"rendered":"<p><strong style=\"font-size: revert;color: initial;font-family: -apple-system, BlinkMacSystemFont, 'Segoe UI', Roboto, Oxygen-Sans, Ubuntu, Cantarell, 'Helvetica Neue', sans-serif\">Velkommen til Bryndum gruppe<\/strong><\/p>\n<div class=\"flex-1 overflow-hidden\">\n<div class=\"react-scroll-to-bottom--css-uctrr-79elbk h-full dark:bg-gray-800\">\n<div class=\"react-scroll-to-bottom--css-uctrr-1n7m0yu\">\n<div class=\"flex flex-col text-sm dark:bg-gray-800\">\n<div class=\"group w-full text-token-text-primary border-b border-black\/10 gizmo:border-0 dark:border-gray-900\/50 gizmo:dark:border-0 bg-gray-50 gizmo:bg-transparent dark:bg-[#444654] gizmo:dark:bg-transparent\" data-testid=\"conversation-turn-3\">\n<div class=\"p-4 justify-center text-base md:gap-6 md:py-6 m-auto\">\n<div class=\"flex flex-1 gap-4 text-base mx-auto md:gap-6 gizmo:gap-3 gizmo:md:px-5 gizmo:lg:px-1 gizmo:xl:px-5 md:max-w-2xl lg:max-w-[38rem] gizmo:md:max-w-3xl gizmo:lg:max-w-[40rem] gizmo:xl:max-w-[48rem] xl:max-w-3xl }\">\n<div class=\"relative flex w-[calc(100%-50px)] flex-col gap-1 gizmo:w-full md:gap-3 lg:w-[calc(100%-115px)] agent-turn\">\n<div class=\"flex flex-grow flex-col gap-3 max-w-full\">\n<div class=\"min-h-[20px] flex flex-col items-start gap-3 overflow-x-auto whitespace-pre-wrap break-words\">\n<div class=\"markdown prose w-full break-words dark:prose-invert light\">\n<p>Vi er Bryndum gruppe, en engageret og dedikeret spejdergruppe med et form\u00e5l om at inspirere og uddanne de n\u00e6ste generationer af eventyrlystne og ansvarlige borgere. Siden vores grundl\u00e6ggelse har vi arbejdet p\u00e5 at skabe en positiv indvirkning p\u00e5 vores samfund og give vores medlemmer uforglemmelige oplevelser i naturen.<\/p>\n<p><strong>Vores Historie<\/strong><\/p>\n<p>Brydnum gruppe blev grundlagt i 1965 og har en stolt historie med at forberede unge mennesker til at m\u00f8de livets udfordringer med selvtillid og kompetence. Gennem \u00e5rene har vores gruppemedlemmer l\u00e6rt vigtige f\u00e6rdigheder inden for teamwork, f\u00f8rstehj\u00e6lp, friluftsliv og b\u00e6redygtighed, som er v\u00e6rdifulde i enhver fase af livet.<\/p>\n<p><strong>Vores Mission<\/strong><\/p>\n<p>Vores mission er at udvikle unge mennesker til at blive ansvarlige og empatiske samfundsborgere. Vi tror p\u00e5 at inspirere vores medlemmer til at opdage deres fulde potentiale gennem udforskning af naturen, l\u00e6ring og sjov. Vi v\u00e6gter v\u00e6rdier som \u00e6rlighed, respekt for naturen, og hj\u00e6lpsomhed h\u00f8jt i alt, hvad vi g\u00f8r.<\/p>\n<p><strong>Hvad Vi Laver<\/strong><\/p>\n<p>Bryndum gruppe er kendt for sine sp\u00e6ndende udend\u00f8rsaktiviteter, lejrture, og f\u00e6llesskabsprojekter. Vores program tilbyder en bred vifte af aktiviteter, herunder orientering, b\u00e5lbygning, pionering, og meget mere. Vi tror p\u00e5 at udfordre vores medlemmer til at l\u00e6re nyt og trives i forskellige milj\u00f8er.<\/p>\n<p><strong>Vores F\u00e6llesskab<\/strong><\/p>\n<p>Vores spejdergruppe er mere end bare en organisation; vi er en familie. Vi opmuntrer til venskaber og samarbejde, og vores dedikerede ledere og frivillige er her for at st\u00f8tte vores medlemmer p\u00e5 deres rejse ind i voksenlivet.<\/p>\n<p><strong>Bliv Medlem<\/strong><\/p>\n<p>Hvis du er nysgerrig efter at l\u00e6re mere om Bryndum gruppe og hvordan du kan blive en del af vores f\u00e6llesskab, er du velkommen til at tilmelde dig eller m\u00f8de op til en af vores kommende begivenheder. Vi ser frem til at byde dig velkommen til vores spejderfamilie og dele vores passion for eventyr og personlig udvikling med dig.<\/p>\n<p>Kom og v\u00e6r med p\u00e5 vores rejse mod at skabe fremtidens ledere og give unge mennesker de f\u00e6rdigheder og v\u00e6rdier, de har brug for for at lykkes i livet.<\/p>\n<p>&nbsp;<\/p>\n<\/div>\n<\/div>\n<\/div>\n<\/div>\n<\/div>\n<\/div>\n<\/div>\n<\/div>\n<\/div>\n<\/div>\n<\/div>\n","protected":false},"excerpt":{"rendered":"<p>Velkommen til Bryndum gruppe Vi er Bryndum gruppe, en engageret og dedikeret spejdergruppe med et form\u00e5l om at inspirere og..<\/p>\n","protected":false},"author":674,"featured_media":0,"parent":0,"menu_order":8,"comment_status":"closed","ping_status":"closed","template":"","meta":{"ngg_post_thumbnail":0,"footnotes":""},"class_list":["post-49","page","type-page","status-publish","hentry"],"publishpress_future_action":{"enabled":false,"date":"2026-05-09 11:41:20","action":"change-status","newStatus":"draft","terms":[],"taxonomy":"","extraData":[]},"publishpress_future_workflow_manual_trigger":{"enabledWorkflows":[]},"_links":{"self":[{"href":"https:\/\/bryndum-gruppe.dk\/index.php?rest_route=\/wp\/v2\/pages\/49","targetHints":{"allow":["GET"]}}],"collection":[{"href":"https:\/\/bryndum-gruppe.dk\/index.php?rest_route=\/wp\/v2\/pages"}],"about":[{"href":"https:\/\/bryndum-gruppe.dk\/index.php?rest_route=\/wp\/v2\/types\/page"}],"author":[{"embeddable":true,"href":"https:\/\/bryndum-gruppe.dk\/index.php?rest_route=\/wp\/v2\/users\/674"}],"replies":[{"embeddable":true,"href":"https:\/\/bryndum-gruppe.dk\/index.php?rest_route=%2Fwp%2Fv2%2Fcomments&post=49"}],"version-history":[{"count":4,"href":"https:\/\/bryndum-gruppe.dk\/index.php?rest_route=\/wp\/v2\/pages\/49\/revisions"}],"predecessor-version":[{"id":280,"href":"https:\/\/bryndum-gruppe.dk\/index.php?rest_route=\/wp\/v2\/pages\/49\/revisions\/280"}],"wp:attachment":[{"href":"https:\/\/bryndum-gruppe.dk\/index.php?rest_route=%2Fwp%2Fv2%2Fmedia&parent=49"}],"curies":[{"name":"wp","href":"https:\/\/api.w.org\/{rel}","templated":true}]}}