



{"id":239,"date":"2023-09-27T20:41:27","date_gmt":"2023-09-27T18:41:27","guid":{"rendered":"https:\/\/bryndum-gruppe.dk\/?page_id=239"},"modified":"2025-08-14T12:32:16","modified_gmt":"2025-08-14T10:32:16","slug":"familiespejder","status":"publish","type":"page","link":"https:\/\/bryndum-gruppe.dk\/?page_id=239","title":{"rendered":"Familiespejder 3 \u00e5r til 0. klasse"},"content":{"rendered":"\n<p>Spejder er for alle. B\u00f8rn fra 3 \u00e5r og indtil man starter i skole kan g\u00e5 til spejder sammen med familien og f\u00e5 f\u00e6lles aktive oplevelser i naturen.<\/p>\n\n\n\n<p><strong>Tidspunkt:<\/strong> f\u00f8rste s\u00f8ndag i m\u00e5neden 9:30 til 12:00<\/p>\n\n\n\n<p><strong>Kontaktperson:<\/strong> Henning +45 2732 7769<\/p>\n\n\n\n<p>Familiespejder giver b\u00f8rn og voksne mulighed for at indg\u00e5 i en anderledes social sammenh\u00e6ng med hinanden og andre familier.<\/p>\n\n\n\n<p><strong>Familiespejderloven<\/strong><\/p>\n\n\n\n<ul class=\"wp-block-list\">\n<li>Familiespejdere leger og l\u00e6rer med familien.<\/li>\n<\/ul>\n\n\n\n<p><strong>Familiespejderl\u00f8ftet<\/strong><\/p>\n\n\n\n<ul class=\"wp-block-list\">\n<li>Jeg lover at g\u00f8re mit bedste for at l\u00e6re om Gud, holde Familiespejderloven og hver dag hj\u00e6lpe til i min familie.<\/li>\n<\/ul>\n","protected":false},"excerpt":{"rendered":"<p>Spejder er for alle. B\u00f8rn fra 3 \u00e5r og indtil man starter i skole kan g\u00e5 til spejder sammen med..<\/p>\n","protected":false},"author":674,"featured_media":0,"parent":38,"menu_order":1,"comment_status":"closed","ping_status":"closed","template":"","meta":{"ngg_post_thumbnail":0,"footnotes":""},"class_list":["post-239","page","type-page","status-publish","hentry"],"publishpress_future_action":{"enabled":false,"date":"2026-05-11 20:04:47","action":"change-status","newStatus":"draft","terms":[],"taxonomy":"","extraData":[]},"publishpress_future_workflow_manual_trigger":{"enabledWorkflows":[]},"_links":{"self":[{"href":"https:\/\/bryndum-gruppe.dk\/index.php?rest_route=\/wp\/v2\/pages\/239","targetHints":{"allow":["GET"]}}],"collection":[{"href":"https:\/\/bryndum-gruppe.dk\/index.php?rest_route=\/wp\/v2\/pages"}],"about":[{"href":"https:\/\/bryndum-gruppe.dk\/index.php?rest_route=\/wp\/v2\/types\/page"}],"author":[{"embeddable":true,"href":"https:\/\/bryndum-gruppe.dk\/index.php?rest_route=\/wp\/v2\/users\/674"}],"replies":[{"embeddable":true,"href":"https:\/\/bryndum-gruppe.dk\/index.php?rest_route=%2Fwp%2Fv2%2Fcomments&post=239"}],"version-history":[{"count":5,"href":"https:\/\/bryndum-gruppe.dk\/index.php?rest_route=\/wp\/v2\/pages\/239\/revisions"}],"predecessor-version":[{"id":345,"href":"https:\/\/bryndum-gruppe.dk\/index.php?rest_route=\/wp\/v2\/pages\/239\/revisions\/345"}],"up":[{"embeddable":true,"href":"https:\/\/bryndum-gruppe.dk\/index.php?rest_route=\/wp\/v2\/pages\/38"}],"wp:attachment":[{"href":"https:\/\/bryndum-gruppe.dk\/index.php?rest_route=%2Fwp%2Fv2%2Fmedia&parent=239"}],"curies":[{"name":"wp","href":"https:\/\/api.w.org\/{rel}","templated":true}]}}