



{"id":103,"date":"2023-09-26T15:16:31","date_gmt":"2023-09-26T13:16:31","guid":{"rendered":"https:\/\/bryndum.gruppesite.dk\/?page_id=103"},"modified":"2025-08-14T12:34:56","modified_gmt":"2025-08-14T10:34:56","slug":"baever","status":"publish","type":"page","link":"https:\/\/bryndum-gruppe.dk\/?page_id=103","title":{"rendered":"B\u00e6ver 0. &#8211; 1. klasse"},"content":{"rendered":"\n<div class=\"wp-block-group\"><div class=\"wp-block-group__inner-container is-layout-constrained wp-block-group-is-layout-constrained\">\n<p>B\u00e6verenheden er for b\u00f8rn, der g\u00e5r i b\u00f8rnehaveklasse til 1. klasse.<\/p>\n\n\n\n<p><strong>Tidspunkt:<\/strong> tirsdage 16:30 til 18:00<\/p>\n\n\n\n<p><strong>Kontaktperson:<\/strong> Kirsten +45 4018 7242<\/p>\n\n\n\n<p>Fantasirammen omkring b\u00e6verarbejdet er i b\u00e6verdammen, hvor man l\u00e6rer at holde sammen, og at samarbejde. Som en del af fantasirammen l\u00e6rer man at f\u00e6rdes i naturen og h\u00f8rer historier.<\/p>\n\n\n\n<p>Som i alle andre enheder l\u00e6rer b\u00e6verne igennem leg og ved at g\u00f8re tingene i praksis.<\/p>\n\n\n\n<p><strong>B\u00e6verloven<\/strong><br>Spejderloven g\u00e6lder for alle, men b\u00e6verne har ogs\u00e5 deres udgave, som hedder B\u00e6verloven:<\/p>\n\n\n\n<p>B\u00e6vere leger sammen<br>B\u00e6vere arbejder sammen<br>B\u00e6vere holder sammen<\/p>\n\n\n\n<p><strong>B\u00e6verl\u00f8ftet<\/strong><\/p>\n\n\n\n<p>\u201cJeg lover at g\u00f8re mit bedste for at lytte til guds ord, holde b\u00e6verloven og v\u00e6re en god ven.\u201d<\/p>\n<\/div><\/div>\n\n\n\n<p><\/p>\n","protected":false},"excerpt":{"rendered":"<p>B\u00e6verenheden er for b\u00f8rn, der g\u00e5r i b\u00f8rnehaveklasse til 1. klasse. Tidspunkt: tirsdage 16:30 til 18:00 Kontaktperson: Kirsten +45 4018..<\/p>\n","protected":false},"author":675,"featured_media":0,"parent":38,"menu_order":2,"comment_status":"closed","ping_status":"closed","template":"template\/template_enhed.php","meta":{"ngg_post_thumbnail":0,"footnotes":""},"class_list":["post-103","page","type-page","status-publish","hentry"],"publishpress_future_action":{"enabled":false,"date":"2026-05-09 20:55:03","action":"change-status","newStatus":"draft","terms":[],"taxonomy":"","extraData":[]},"publishpress_future_workflow_manual_trigger":{"enabledWorkflows":[]},"_links":{"self":[{"href":"https:\/\/bryndum-gruppe.dk\/index.php?rest_route=\/wp\/v2\/pages\/103","targetHints":{"allow":["GET"]}}],"collection":[{"href":"https:\/\/bryndum-gruppe.dk\/index.php?rest_route=\/wp\/v2\/pages"}],"about":[{"href":"https:\/\/bryndum-gruppe.dk\/index.php?rest_route=\/wp\/v2\/types\/page"}],"author":[{"embeddable":true,"href":"https:\/\/bryndum-gruppe.dk\/index.php?rest_route=\/wp\/v2\/users\/675"}],"replies":[{"embeddable":true,"href":"https:\/\/bryndum-gruppe.dk\/index.php?rest_route=%2Fwp%2Fv2%2Fcomments&post=103"}],"version-history":[{"count":8,"href":"https:\/\/bryndum-gruppe.dk\/index.php?rest_route=\/wp\/v2\/pages\/103\/revisions"}],"predecessor-version":[{"id":350,"href":"https:\/\/bryndum-gruppe.dk\/index.php?rest_route=\/wp\/v2\/pages\/103\/revisions\/350"}],"up":[{"embeddable":true,"href":"https:\/\/bryndum-gruppe.dk\/index.php?rest_route=\/wp\/v2\/pages\/38"}],"wp:attachment":[{"href":"https:\/\/bryndum-gruppe.dk\/index.php?rest_route=%2Fwp%2Fv2%2Fmedia&parent=103"}],"curies":[{"name":"wp","href":"https:\/\/api.w.org\/{rel}","templated":true}]}}